{"id":1611,"date":"2025-01-30T21:55:51","date_gmt":"2025-01-30T20:55:51","guid":{"rendered":"https:\/\/drogarozwoju.com\/?page_id=1611"},"modified":"2025-03-05T13:24:48","modified_gmt":"2025-03-05T12:24:48","slug":"elementor-1611","status":"publish","type":"page","link":"https:\/\/drogarozwoju.com\/?page_id=1611","title":{"rendered":"O mnie"},"content":{"rendered":"\t\t<div data-elementor-type=\"wp-page\" data-elementor-id=\"1611\" class=\"elementor elementor-1611\">\n\t\t\t\t<div class=\"elementor-element elementor-element-da28ef6 e-flex e-con-boxed e-con e-parent\" data-id=\"da28ef6\" data-element_type=\"container\">\n\t\t\t\t\t<div class=\"e-con-inner\">\n\t\t<div class=\"elementor-element elementor-element-74574f6 e-con-full e-flex e-con e-child\" data-id=\"74574f6\" data-element_type=\"container\">\n\t\t\t\t<div class=\"elementor-element elementor-element-a30396c elementor-widget elementor-widget-text-editor\" data-id=\"a30396c\" data-element_type=\"widget\" data-widget_type=\"text-editor.default\">\n\t\t\t\t<div class=\"elementor-widget-container\">\n\t\t\t\t\t\t\t\t\t<p>\u00a0<\/p><p>Nazywam si\u0119 Agnieszka Kopi\u0144ska i od zawsze moja droga zawodowa zwi\u0105zana by\u0142a ze wspieraniem ludzi. Moim naturalnym darem jest umiej\u0119tno\u015b\u0107 s\u0142uchania, a praca z lud\u017ami jest dla mnie nie tylko zawodem, ale te\u017c pasj\u0105. Dzi\u0119ki wrodzonej empatii i uwa\u017cno\u015bci, \u0142atwo nawi\u0105zuj\u0119 kontakty i buduj\u0119 atmosfer\u0119 pe\u0142n\u0105 zaufania i bezpiecze\u0144stwa.<\/p><p>Moje ponad 20-letnie do\u015bwiadczenie zawodowe w obszarze HR na stanowiskach menad\u017cerskich, nauczy\u0142o mnie, jak skutecznie wspiera\u0107 ludzi na r\u00f3\u017cnych etapach ich kariery zawodowych. Pracuj\u0105c blisko z zarz\u0105dami i mened\u017cerami, zdoby\u0142am szerok\u0105 perspektyw\u0119 na procesy biznesowe staj\u0105c si\u0119 ekspertem w tematach zarz\u0105dzania i strategii, budowania zespo\u0142\u00f3w, efektywnej rekrutacji, rozwoju kariery, odkrywania talent\u00f3w a tak\u017ce budowania i rozwijania kompetencji mi\u0119kkich w organizacji.<\/p><p>Podczas ka\u017cdej sesji stawiam na komfort i pe\u0142n\u0105 dyskrecj\u0119. Wspieram klient\u00f3w nie tylko wiedz\u0105, ale tak\u017ce przestrzeni\u0105 do autentycznych rozm\u00f3w i refleksji. Wierz\u0119, \u017ce ka\u017cdy ma w sobie potencja\u0142 do rozwoju, a ja jestem tutaj, aby pom\u00f3c Ci go odkry\u0107.<\/p><p>Prywatnie jestem mam\u0105 dw\u00f3jki nastolatk\u00f3w, co daje mi dodatkow\u0105 perspektyw\u0119 na wyzwania, przed jakimi stoj\u0105 m\u0142odzi ludzie i ich rodzice. Zawsze staram si\u0119 wspiera\u0107 dzieci w rozwijaniu ich pasji, odkrywaniu dr\u00f3g \u017cyciowych i osi\u0105ganiu niezale\u017cno\u015bci. Rozumiem, jak wa\u017cne jest budowanie relacji pe\u0142nych wsparcia i zrozumienia, zar\u00f3wno w \u017cyciu prywatnym, jak i zawodowym.<\/p><p>Zapraszam Ci\u0119 do wsp\u00f3lnej \u201eDrogi Rozwoju\u201d \u2013 niezale\u017cnie od tego, czy jeste\u015b na pocz\u0105tku swojej podr\u00f3\u017cy, czy szukasz kolejnych, alternatywnych \u015bcie\u017cek.<\/p>\t\t\t\t\t\t\t\t<\/div>\n\t\t\t\t<\/div>\n\t\t\t\t<\/div>\n\t\t\t\t<div class=\"elementor-element elementor-element-cf78294 elementor-widget elementor-widget-image\" data-id=\"cf78294\" data-element_type=\"widget\" data-widget_type=\"image.default\">\n\t\t\t\t<div class=\"elementor-widget-container\">\n\t\t\t\t\t\t\t\t\t\t\t\t\t\t\t<img fetchpriority=\"high\" decoding=\"async\" width=\"511\" height=\"768\" src=\"http:\/\/drogarozwoju.com\/wp-content\/uploads\/2025\/01\/0512_WK_3p.jpg\" class=\"attachment-large size-large wp-image-1478\" alt=\"\" srcset=\"http:\/\/drogarozwoju.com\/wp-content\/uploads\/2025\/01\/0512_WK_3p.jpg 511w, http:\/\/drogarozwoju.com\/wp-content\/uploads\/2025\/01\/0512_WK_3p-200x300.jpg 200w\" sizes=\"(max-width: 511px) 100vw, 511px\" \/>\t\t\t\t\t\t\t\t\t\t\t\t\t\t\t<\/div>\n\t\t\t\t<\/div>\n\t\t\t\t\t<\/div>\n\t\t\t\t<\/div>\n\t\t<div class=\"elementor-element elementor-element-9db726c e-flex e-con-boxed e-con e-parent\" data-id=\"9db726c\" data-element_type=\"container\">\n\t\t\t\t\t<div class=\"e-con-inner\">\n\t\t\t\t\t<\/div>\n\t\t\t\t<\/div>\n\t\t<div class=\"elementor-element elementor-element-995c388 e-flex e-con-boxed e-con e-parent\" data-id=\"995c388\" data-element_type=\"container\">\n\t\t\t\t\t<div class=\"e-con-inner\">\n\t\t\t\t\t<\/div>\n\t\t\t\t<\/div>\n\t\t\t\t<\/div>\n\t\t","protected":false},"excerpt":{"rendered":"<p>\u00a0 Nazywam si\u0119 Agnieszka Kopi\u0144ska i od zawsze moja droga zawodowa zwi\u0105zana by\u0142a ze wspieraniem ludzi. Moim naturalnym darem jest umiej\u0119tno\u015b\u0107 s\u0142uchania, a praca z lud\u017ami jest dla mnie nie tylko zawodem, ale te\u017c pasj\u0105. Dzi\u0119ki wrodzonej empatii i uwa\u017cno\u015bci, \u0142atwo nawi\u0105zuj\u0119 kontakty i buduj\u0119 atmosfer\u0119 pe\u0142n\u0105 zaufania i bezpiecze\u0144stwa. Moje ponad 20-letnie do\u015bwiadczenie zawodowe [&hellip;]<\/p>\n","protected":false},"author":1,"featured_media":0,"parent":0,"menu_order":0,"comment_status":"closed","ping_status":"closed","template":"","meta":{"_gspb_post_css":"","footnotes":""},"class_list":["post-1611","page","type-page","status-publish","hentry"],"blocksy_meta":[],"_links":{"self":[{"href":"https:\/\/drogarozwoju.com\/index.php?rest_route=\/wp\/v2\/pages\/1611","targetHints":{"allow":["GET"]}}],"collection":[{"href":"https:\/\/drogarozwoju.com\/index.php?rest_route=\/wp\/v2\/pages"}],"about":[{"href":"https:\/\/drogarozwoju.com\/index.php?rest_route=\/wp\/v2\/types\/page"}],"author":[{"embeddable":true,"href":"https:\/\/drogarozwoju.com\/index.php?rest_route=\/wp\/v2\/users\/1"}],"replies":[{"embeddable":true,"href":"https:\/\/drogarozwoju.com\/index.php?rest_route=%2Fwp%2Fv2%2Fcomments&post=1611"}],"version-history":[{"count":9,"href":"https:\/\/drogarozwoju.com\/index.php?rest_route=\/wp\/v2\/pages\/1611\/revisions"}],"predecessor-version":[{"id":1714,"href":"https:\/\/drogarozwoju.com\/index.php?rest_route=\/wp\/v2\/pages\/1611\/revisions\/1714"}],"wp:attachment":[{"href":"https:\/\/drogarozwoju.com\/index.php?rest_route=%2Fwp%2Fv2%2Fmedia&parent=1611"}],"curies":[{"name":"wp","href":"https:\/\/api.w.org\/{rel}","templated":true}]}}